{"id":2805,"date":"2022-11-24T18:40:43","date_gmt":"2022-11-24T17:40:43","guid":{"rendered":"http:\/\/lvl2000ev.bplaced.net\/?page_id=2805"},"modified":"2026-03-17T10:01:06","modified_gmt":"2026-03-17T09:01:06","slug":"mitgliedsbeitraege","status":"publish","type":"page","link":"http:\/\/lvl2000ev.bplaced.net\/?page_id=2805","title":{"rendered":"Mitgliedsbeitr\u00e4ge"},"content":{"rendered":"\n<p>Die Mitgliedsbeitr\u00e4ge sind seit 2000 unver\u00e4ndert wie folgt:<\/p>\n\n\n\n<p>Kinder bis 14 Jahre &#8230;&#8230;&#8230;&#8230;&#8230;&#8230;&#8230; 3 \u20ac\/Monat<\/p>\n\n\n\n<p>Jugendliche bis 17 Jahre &#8230;&#8230;&#8230;&#8230; 5 \u20ac\/Monat<\/p>\n\n\n\n<p>Erwachsene ab 18 Jahre &#8230;&#8230;&#8230;&#8230; 7 \u20ac\/Monat<\/p>\n\n\n\n<p>Die Beitr\u00e4ge werden j\u00e4hrlich (M\u00e4rz) erhoben.<\/p>\n\n\n\n<p><\/p>\n","protected":false},"excerpt":{"rendered":"<p>Die Mitgliedsbeitr\u00e4ge sind seit 2000 unver\u00e4ndert wie folgt: Kinder bis 14 Jahre &#8230;&#8230;&#8230;&#8230;&#8230;&#8230;&#8230; 3 \u20ac\/Monat Jugendliche bis 17 Jahre &#8230;&#8230;&#8230;&#8230; 5 \u20ac\/Monat Erwachsene ab 18 Jahre &#8230;&#8230;&#8230;&#8230; 7 \u20ac\/Monat Die Beitr\u00e4ge werden j\u00e4hrlich (M\u00e4rz) erhoben.<\/p>\n","protected":false},"author":2,"featured_media":0,"parent":0,"menu_order":0,"comment_status":"closed","ping_status":"closed","template":"","meta":{"footnotes":""},"class_list":["post-2805","page","type-page","status-publish","hentry"],"_links":{"self":[{"href":"http:\/\/lvl2000ev.bplaced.net\/index.php?rest_route=\/wp\/v2\/pages\/2805","targetHints":{"allow":["GET"]}}],"collection":[{"href":"http:\/\/lvl2000ev.bplaced.net\/index.php?rest_route=\/wp\/v2\/pages"}],"about":[{"href":"http:\/\/lvl2000ev.bplaced.net\/index.php?rest_route=\/wp\/v2\/types\/page"}],"author":[{"embeddable":true,"href":"http:\/\/lvl2000ev.bplaced.net\/index.php?rest_route=\/wp\/v2\/users\/2"}],"replies":[{"embeddable":true,"href":"http:\/\/lvl2000ev.bplaced.net\/index.php?rest_route=%2Fwp%2Fv2%2Fcomments&post=2805"}],"version-history":[{"count":7,"href":"http:\/\/lvl2000ev.bplaced.net\/index.php?rest_route=\/wp\/v2\/pages\/2805\/revisions"}],"predecessor-version":[{"id":3307,"href":"http:\/\/lvl2000ev.bplaced.net\/index.php?rest_route=\/wp\/v2\/pages\/2805\/revisions\/3307"}],"wp:attachment":[{"href":"http:\/\/lvl2000ev.bplaced.net\/index.php?rest_route=%2Fwp%2Fv2%2Fmedia&parent=2805"}],"curies":[{"name":"wp","href":"https:\/\/api.w.org\/{rel}","templated":true}]}}